 w(j) = -r*j - j**2 + 19 - 33 + 12. Calculate w(-2).
0
Let b(p) = -6*p**2 - 7 + 25 - 22 + 0*p**2 - p - p**3. Give b(-6).
2
Let t(j) = 0*j**2 - 3*j + j**2 - 117 - 19*j + 153. Give t(20).
-4
Let p(f) be the first derivative of -f**4/4 + f**3 - f + 25. Give p(1).
1
Let v(g) = 3*g**2 + 3*g. Let o = 784 - 787. Determine v(o).
18
Let u(k) be the second derivative of 2*k - k**2 + 0 + 1/3*k**3 - 1/8*k**4. Let q(b) be the first derivative of u(b). Calculate q(-2).
8
Let w(m) = -m**3 - 17*m**2 + 20*m + 40. Let c be w(-18). Suppose c*u = -3*u + 21. Let l(d) = -7*d + 3. Give l(u).
-18
Let w(p) = p**2 - p - 1. Let k be (-1)/(0 + -2 + 10/6). Suppose -k*x = x - z + 3, x - z = 3. What is w(x)?
5
Let u(c) = -c**3 + c**2 + 4*c - 3. Let j be 0/((-2 - -1) + -2). Suppose 5*y + 18 - 83 = j. Let z be (-20)/(-6) - y/39. Give u(z).
-9
Let w(g) = 3*g + 54. Let b be w(-20). Let l(x) = 7*x + 8. Give l(b).
-34
Let m(s) be the third derivative of s**4/6 + 5*s**3/6 - 308*s**2. What is m(4)?
21
Let a(k) = -5*k**3 - 5*k**2 - 6*k + 3. Let j be 26/10 + (-4)/(-10) + 0. Let o(q) = 2*q**3 + 2*q**2 + 3*q - 1. Let l(w) = j*a(w) + 7*o(w). Determine l(-2).
0
Let q(h) = 2*h - 47. Let g be q(26). Let w(x) = x**2 - 1. Let o(i) = -i**3 + 2*i**2 - 3*i - 2. Let a(l) = -o(l) - 4*w(l). Calculate a(g).
-4
Suppose 32*m + 46 = -114. Let k(c) = -c**2. Let z(j) be the first derivative of j**3/3 - 2*j**2 - 6*j - 1. Let l(d) = 2*k(d) + z(d). What is l(m)?
-11
Let d(c) = -c - 1. Let a(r) = -1. Let u(f) = 4*a(f) - 3*d(f). Let h be 21 - (-2 + 2 + 1). Let v = h + -22. Determine u(v).
-7
Let t(p) be the third derivative of -p**6/15 + p**5/60 - p**3/6 - p**2. Let f(w) = 10*w + 381. Let c be f(-38). Determine t(c).
-8
Let i(s) = 0*s - s**2 + 0*s - 10. Let q = -4 - -11. Suppose -q*h + 3*h = 0. Determine i(h).
-10
Let r be (-4)/(-56)*-2 - 284/(-28). Let t(w) = 4*w - 10. Determine t(r).
30
Let f(l) = -l. Suppose -y = 4*y - 10. Suppose y*i = -3*i + 4*q - 31, q - 4 = 0. Calculate f(i).
3
Let k(u) = -u**3 - 10*u**2 - 7*u + 16. Suppose 9 = -39*r + 38*r. Give k(r).
-2
Let a(h) = -h. Let p(q) = -7*q. Let c be (-2 - -3)*1/(-1). Let j(b) = c*p(b) + 6*a(b). Determine j(-1).
-1
Let m(r) = -2*r**3 - 3*r**2 - r. Let l be 3 - (-2 + -3 + 2). Suppose l*x + 30 = 7*x. Let t be 28/(-15) - 4/x. Give m(t).
6
Let f(v) be the third derivative of 1/120*v**6 + 10*v**2 - 1/24*v**4 + 0 - 1/3*v**3 + 0*v + 1/10*v**5. Determine f(-6).
4
Let y = -6 - 2. Let k be (28/y + 4)*12. Let l(w) = -w**2 + 6*w + 2. Give l(k).
2
Let y(u) = 3*u + 7. Let t be y(-4). Suppose 0 = 2*i + 4*c - 42, i = -2*i - 4*c + 53. Let r(k) = -k**2 + 7*k - i*k - 2*k - 6. What is r(t)?
-1
Let b = -11 - -9. Let i = b - 2. Let g(a) = -a. Determine g(i).
4
Let l(h) = -h**3 - 4*h**2 + 6*h + 7. Let d(x) = -x - 17. Suppose 3*m - 17 = -53. Let v be d(m). What is l(v)?
2
Let a(t) = 2*t**2 + 21*t + 5. Let j(n) = -5 + 12 - n**2 - 10 - 10*n. Let l(h) = -4*a(h) - 9*j(h). Give l(-5).
2
Suppose -2*o = -37 + 35. Suppose -k + 6 = o. Let h(w) = w**2 - 6*w - 6. What is h(k)?
-11
Let l(o) be the first derivative of o**2/2 - 2*o + 3. Let s(h) = -h + 2. Let d(x) = x**2 + 16*x + 19. Let i be d(-15). Let f be s(i). Calculate l(f).
-4
Let j = 5 + -2. Let b(z) = -2*z**3 + 8*z**2 - 2*z - 6. Let s(v) = 5*v**3 - 23*v**2 + 6*v + 17. Let g(k) = j*s(k) + 8*b(k). Let u = 3 - 8. Give g(u).
-7
Suppose 0 = -3*t + k - 0*k - 11, 3*t - 2*k = -10. Let r = t - -8. Let o(a) = 1 - a - 3*a - 3*a + 5*a. Calculate o(r).
-7
Let r(d) = -2*d - 26. Let b = 10 - 23. Let a be r(b). Let l(g) = -g**3 - g**2 + g + 4. Give l(a).
4
Let o(b) be the second derivative of -b**4/4 + b**3/2 + 60*b. Suppose -3*j - u = -1, 3*j + 8*u + 19 = 3*u. Determine o(j).
-6
Suppose 4*h + 4 = 8. Let v(q) = -q + 1. Let d(l) = 5*l - 8. Let n(b) = h*d(b) + 3*v(b). What is n(4)?
3
Let o(j) = -j**2 + 5*j + 5. Suppose -8*g + 8*g = 16*g. Suppose g = -5*p - i + 22, 2*p - 15 + 2 = i. Determine o(p).
5
Let p(b) be the third derivative of 1/4*b**4 + 0*b + 0 + 1/60*b**5 + 21*b**2 + 2/3*b**3. Determine p(-4).
-4
Let z(l) = -l**3 + 5*l**2 + 6*l + 3. Let k(c) = c**3 - 2*c**2 - 7*c + 2. Let w be k(4). Give z(w).
3
Let d(f) = f + 1. Suppose -6 + 42 = -2*x. Let g = 20 + x. Let w = g + -6. What is d(w)?
-3
Let h(p) be the first derivative of -p**6/120 - p**5/12 - p**4/12 + p**3/6 - p**2/2 - 13. Let m(b) be the second derivative of h(b). Calculate m(-2).
-7
Let r = -51 + 53. Let t(l) = -r*l + 0*l + 291 + 3*l - 288. Calculate t(-8).
-5
Suppose w + 17 = -5*p, 0 = 4*p - 1 + 13. Let b be (-12)/8*w/3. Let n(g) be the second derivative of 3*g**5/10 + g**4/12 + g - 34. Determine n(b).
7
Let y(z) = -7*z**2 - 11*z + 11. Let k = -35 + -1. Let o be 4/(-18) - (-208)/k. Let h(x) = -2*x**2 - 3*x + 3. Let b(s) = o*y(s) + 22*h(s). What is b(-1)?
-2
Let w(b) = b**3 - 8*b**2 - 8. Let v(o) = o**2 + 18*o + 8. Let y be v(-18). What is w(y)?
-8
Let x(u) = 3*u**2 - 20*u - 5. Let m be x(7). Let f(k) = k**3 - 4*k**2 - k + 3. Let c(t) = -t**3 + t**2 + t - 1. Let y(d) = m*c(d) + f(d). Determine y(2).
-13
Let j be (4/5)/((-11)/385). Let u be (j/42)/((-4)/90). Let m(k) = 0 - 18*k + k**2 + 30*k - 1 - u*k. Calculate m(3).
-1
Let u(h) = -h**2 + 5*h. Let n(z) = 10*z - 14. Let b be n(2). What is u(b)?
-6
Let l be 4/((-16)/(-12)) - -47. Suppose 10 = 5*q + l. Let o be 0/(q/(-4)) - -2. Let u(p) = -2*p. What is u(o)?
-4
Let h(q) = 4*q - 2. Let x(k) = k**3 + 4*k**2 - 8*k + 12. Let a(v) = -v**3 - 4*v**2 + 7*v - 11. Let r(l) = 5*a(l) + 4*x(l). Let d be r(-5). What is h(d)?
10
Let d(p) = 2*p - 6. Suppose -3*m - 4*z + 71 = 0, -z = 2*m + 2*z - 47. Suppose m = -22*i + 27*i. Calculate d(i).
4
Let k(w) be the first derivative of -8*w**3/3 - w**2/2 + w + 219. Calculate k(1).
-8
Let a(l) = 9*l**3 + l**2 + 2*l + 2. Let y be (-6)/4*(-20)/(-30). What is a(y)?
-8
Suppose -50*q + 28*q = 330. Let j(c) = -c - 5. What is j(q)?
10
Let y(s) be the third derivative of -s**6/120 + 7*s**5/60 - 5*s**4/24 - 7*s**3/6 + s**2. Let d be (-22)/(-3) - (-7)/((-126)/24). Give y(d).
-1
Let q(s) = -2*s**3 - 2*s**2 + 2*s + 2. Let k(v) = -23*v**3 + 2*v**2 + 2*v + 1. Let o be k(-1). Let c be 6 - (4 - -17 - 0). Let d be o/c - 10/25. Determine q(d).
6
Let r = -54 + 55. Let x(t) = -3 + 3*t - t - r - t. Give x(0).
-4
Let z(g) = 25*g - 17. Let k(b) = -17*b + 16. Let p(w) = -3*k(w) - 2*z(w). Give p(19).
5
Suppose 2 = -4*n - 3*u, 0 = 4*n - 2*u - 6 + 18. Let d be (1/(-4))/(n/(-112)*-2). Let s(m) = m**3 - 8*m**2 + 6*m - 1. Give s(d).
-8
Let j(r) = -r. Let m(t) be the second derivative of 7*t**3/6 - 7*t**2/2 - 8*t. Let x(s) = 6*j(s) + m(s). Give x(6).
-1
Let a(m) = 2*m**2 + 2*m - 12. Let r be a(-5). Let l = r + -36. Let d(z) = -z - 4. Determine d(l).
4
Suppose 2*n = 3*i - 3, -3*n + 9 = -3*i + 15. Let d(k) = 2*k**3 + 4*k**2 - 2*k - 4. Give d(n).
-16
Let g(a) = a + 8. Suppose 4*v = -0*v - 2*i - 44, 0 = 2*v + 4*i + 16. Calculate g(v).
-4
Let d(o) = o**2 + 8*o + 9. Let z(f) = -4*f - 27. Let n be z(-5). What is d(n)?
2
Let h(b) be the third derivative of -b**4/12 + b**3/6 + 30*b**2. Give h(2).
-3
Let i = 10 - 4. Suppose -24*j = -74*j. Let d = j + i. Let k(w) = w**2 - 6*w + 1. Give k(d).
1
Let q(j) = j**2 + 2. Let r(m) = -m**2 - m - 3. Let s(f) = -5*q(f) - 4*r(f). Suppose -4*h - 25 = -8*h + 5*x, 4*h + x = 19. Calculate s(h).
-3
Let a(c) = -c**2 - c - 12. Let y be 10/(-5)*(-3)/2. Let p be 3 - (1 + (y - 1)). Determine a(p).
-12
Let a(s) = 6*s**3 - s**3 - 7*s**3 + 2*s**2 - 5*s**2. Let j be a(-3). Let b = 32 - j. Let m(y) = -y**2 + 3*y + 5. Give m(b).
-5
Let w(j) = 6*j + 30. Suppose 0 = -16*n + 102*n + 516. Calculate w(n).
-6
Suppose -13*t - 19 = 72. Let h(s) = 9*s**3 + 15*s**2 + 3*s + 4. Let q(l) = -4*l**3 - 7*l**2 - 2*l - 2. Let x(u) = t*q(u) - 3*h(u). Determine x(-3).
-4
Let r(b) = 3469*b**3 - 8*b**2 + 12 - 30*b + 39*b - 3470*b**3. Calculate r(-9).
12
Let g = 0 + 3. Let v(y) = 3*y + 2. Let n(s) be the first derivative of -s**2/2 - s - 4. Let x(l) = g*v(l) + 7*n(l). What is x(-4)?
-9
Let r(a) = -a**2 - 6*a + 1. Suppose 0 = -10*i - 16 - 14. Give r(i).
10
Let h be (-14)/3*(-3)/2. Let x(l) = -3*l**2 + 4*l + 9. Let q(j) = 7*j**2 - 11*j - 19. Let p(v) = -4*q(v) - 9*x(v). Give p(h).
2
Let n(l) = -l**3 + 4*l**2. Let u be 3 + 4/2 + -3. Give n(u).
8
Let h be 4/10 - 84/10. Let p(b) be the third derivative of b**5/60 + 3*b**4/8 + 2*b**3 - 125*b**2. Calculate p(h).